ue
Is -51*3/12*-4 prime?
False
Let q(j) = j**3 + 6*j**2 - j - 2. Let y be q(-6). Suppose -4*f + 59 = -w, -3*f + 3*w - y*w = -39. Is f a prime number?
False
Suppose t + 468 = 2*c, 4*c - 938 = -0*t + t. Is c a composite number?
True
Let i(a) = -149*a**3 + a**2 - 1. Let k(y) = -2*y + 0*y**3 + 0*y**3 + y**3 + 3*y + 1. Let j be k(-1). Is i(j) a prime number?
True
Suppose -4*i - 2 + 54 = 0. Is i a prime number?
True
Suppose 2*n - n + 1 = 0. Let f be -3 - n - -1 - 1. Is (32/40)/(f/(-95)) prime?
False
Let m be (-68)/(-12) + 2/6. Let w(i) = 1 - 4*i**2 + 2*i**3 + 2 + 4 + i - i**3. Is w(m) composite?
True
Let m = 3 - 3. Let o be (-1)/(m - 3/18). Suppose 32 = 2*u - o. Is u a prime number?
True
Is 1/4 - 2529/(-12) composite?
False
Suppose -3*x - 12 = -30. Is (-188)/(-6) - 2/x composite?
False
Suppose -3*i - 4*o = -263, -i + 3*o + 0*o = -92. Suppose 3*v - 43 = -m + i, v = 4*m - 489. Is m a prime number?
False
Suppose -q + 43 = 4*r - 2*r, 2*r = -3*q + 37. Is r composite?
False
Let d(q) = 3*q**2 - 4. Suppose -4*o - 35 = o. Is d(o) a prime number?
False
Let d(w) = 4*w - 3. Is d(10) composite?
False
Is 1/(-3)*(12 + -33) composite?
False
Suppose -2*d = d. Let g(z) = z + 257. Is g(d) composite?
False
Suppose a + 18 = -4*b, -5*a + b - 45 + 18 = 0. Let y = 4 + a. Is 19 - y/(-4)*0 composite?
False
Let o be ((-8)/16)/(2/(-8)). Suppose -o*u - 465 = 3*u. Let c = u - -190. Is c composite?
False
Suppose -7*b + 5704 = 678. Is b a prime number?
False
Let j(y) = 14 + 24*y - 7 - 10 - 2. Is j(3) composite?
False
Suppose 0 = -2*l + 4*u + 4 + 4, 4 = 3*l - 2*u. Suppose -q + l*q = -3. Suppose -q*k - 4*z + 987 = -8*z, z = 2*k - 658. Is k composite?
True
Let w(f) = 30*f + 6. Let n be w(-8). Let z be (n/(-15))/(3/30). Suppose -z = -j - 3*j. Is j a prime number?
False
Let u = 10 - 8. Let b(i) = -110*i**3 - i + i + i**u + i + i**2. Is b(-1) a prime number?
False
Let z = -44 + 591. Is z a prime number?
True
Let n(h) = 3*h**2 - 1. Let j(x) = -x + 4. Let c be j(5). Let s be n(c). Suppose -3*r + 32 - s = 0. Is r a prime number?
False
Let t(o) = o**3 - 4*o**2 - 2*o + 7. Let u be t(5). Let i(k) = 6*k**2 + 2. Let v be i(2). Is (v/4 - 3)*u composite?
True
Suppose 0*x + 4*y + 174 = 5*x, -4*y = 3*x - 130. Let a be -7 - (-2 - 0)*1. Let m = x + a. Is m composite?
True
Let t be -5*((-11)/(-5) + -1). Let g be -1 - (-2 - (-10)/2). Is 726/4*g/t prime?
False
Suppose -4*l + 3*l + 4751 = 0. Is l a prime number?
True
Suppose 3*i + 3*a - 1 = a, i - a = 7. Suppose -3*f + 15 = 2*l, 0 = -2*l - 4*f + 5*f + i. Suppose l*u = 2*u + 19. Is u a composite number?
False
Let x(c) = 3*c + 9. Is x(8) a composite number?
True
Let z(r) = 4*r**2 + 6*r + 748. Let s(f) = f**2 + 2*f + 249. Let o(j) = 7*s(j) - 2*z(j). Is o(0) prime?
False
Let g = -7 + 9. Is 3 - (g + 338*-1) a composite number?
True
Suppose 3*m - 29 + 2 = 0. Let p = 3 - m. Let z = -2 - p. Is z composite?
True
Let p be ((0 - 3) + 2)*7. Let j(u) = u**2 + u - 5. Is j(p) a prime number?
True
Is -2 - -2 - (-496 - 1) a prime number?
False
Let c be (-14)/7 - (-5 + 1). Suppose -12 = -m - c*m. Suppose -m*u = -u - 42. Is u a composite number?
True
Let p(a) = 16*a**2 + 5*a + 2. Suppose y - 5 = 2*g, -y + 0 - 13 = 4*g. Is p(g) a prime number?
True
Let s(q) = 6*q**3 + 7*q**2 - 6*q + 12. Is s(5) a composite number?
False
Let t = 50 + -44. Is t a composite number?
True
Let t be 15/(-5)*1*-1. Suppose -4*a + t*a = -52. Suppose -5*r + a = -r. Is r a prime number?
True
Suppose 0*u + 6*u = 966. Is u prime?
False
Let j(p) = -10*p - 37. Is j(-6) composite?
False
Is 3548/1*(-24)/(-96) prime?
True
Suppose n - 12 = 2*p, 2*p - 18 = 5*p - 2*n. Is ((-22)/p + -2)*33 prime?
False
Let h(z) = -11*z**3 + 3*z**2 + 2*z + 1. Let g(c) = c**3 + 6*c**2 - c - 8. Let w be g(-6). Is h(w) prime?
True
Let d(o) = -9 - o**3 - 7*o + 9*o**2 - 4*o + 6*o. Is d(8) a prime number?
False
Suppose t - 6 = 5*z + 3*t, 3*z + 2*t + 6 = 0. Let o be -1*(0/1)/2. Is o + (z - -77) + 0 prime?
False
Suppose 16 = v + 3*v. Suppose -5*i + 154 + 249 = v*w, -i + 100 = w. Is w prime?
True
Let h(t) = 6*t**3 - t**2 + 4*t + 13. Let i(j) be the third derivative of -j**6/24 - j**4/6 - 2*j**3 - 2*j**2. Let b(g) = 6*h(g) + 7*i(g). Is b(7) prime?
False
Let w(x) = -2*x - 1. Let p be w(-2). Suppose 2*u = 7*u - 20, -2*o - p*u = -242. Is o a prime number?
False
Let k(v) = 318*v**3 + v**2 - 4*v + 2. Is k(1) a prime number?
True
Let q be -5*-2*1/2. Let t(u) = 10*u - 12. Let w(a) = 11*a - 12. Let o(h) = q*w(h) - 6*t(h). Is o(-9) a prime number?
False
Is 680 + 1 + 0*1/(-4) a prime number?
False
Let r(l) = l + 2. Let a be r(2). Suppose -a*z = -9*z + 20. Suppose 0*w = z*w - 220. Is w a composite number?
True
Is (66/(-8))/(5/(-20)) a composite number?
True
Is 40/10*211/2 a composite number?
True
Suppose -2*r - 3*r + 20 = 0. Suppose 0 = -t + r*z - z + 97, 2*t - 5*z - 196 = 0. Is t a prime number?
True
Let f(k) = k**3 + 7*k**2 + 7. Let w be f(-6). Suppose -3*a - 2*m + 68 = 0, a + 3*m - 14 = -2*m. Let q = w - a. Is q a prime number?
True
Is ((-130)/(-3))/((-12)/(-18)) a prime number?
False
Let q(v) = 25 - 34 + v**3 + 50 + 44 - v. Is q(0) composite?
True
Suppose t - 19931 = -18*t. Is t a composite number?
False
Suppose 0 = -3*g + 356 + 1033. Is g prime?
True
Let k = 1546 - 973. Is k composite?
True
Suppose 2*d + 6 = 2. Let a be d*(1 - 3)/1. Is (-10)/15*(-186)/a a composite number?
False
Let i = -76 + 156. Let z = i - 43. Is z composite?
False
Suppose -5*n + 24271 = -25084. Is n prime?
True
Suppose 4 - 16 = -4*k. Suppose -70 = -k*s + 125. Is s composite?
True
Let q = 9 + -4. Let p be (1 + -3)*(-194)/4. Suppose q*y + p = 5*o + 3*y, -61 = -3*o + 4*y. Is o a prime number?
True
Suppose -6*h + 2*h = 0. Let v be (-1 - 0)*1 + 1. Suppose -j + h*j + 34 = v. Is j prime?
False
Let k(c) = c**2 - 3*c - 4. Let z be k(4). Suppose z = 2*q - 4*q. Suppose b - 7 = -q. Is b a prime number?
True
Let w be (-11)/(-3) + 3/9. Suppose -27 = 4*d + t, 6*d - w*t + 32 = 2*d. Let b(k) = -2*k. Is b(d) a prime number?
False
Suppose 3*z - 11 - 7 = -2*q, 0 = -2*q. Is (-207)/z*(-4)/2 prime?
False
Is ((-6)/18)/(1/(-93)) a prime number?
True
Suppose m = 3*g - 2813, 5*m = -4*g + 2*m + 3742. Is g prime?
True
Let i(j) = 7*j**2 + 2*j - 5. Let n(l) = l**3 + 5*l**2 + 3*l. Let z be n(-4). Is i(z) composite?
True
Let u(g) = 174*g - 1. Is u(2) a prime number?
True
Is (5 + -6)/((-1)/163) a composite number?
False
Is 4925/13 + (-46)/(-299) composite?
False
Let f(a) = -a**3 + 2*a**2 - 2*a + 2. Is f(-7) a composite number?
False
Suppose t - 5*f - 36 = 0, 0*f - 3*f - 12 = 0. Suppose 3*y - t = -4*w, 2*y - 1 = -9. Is w prime?
True
Suppose 5*g + 5 = n, g = -4*n + 4*g + 20. Suppose 0*a + 815 = n*a. Is a a composite number?
False
Let a be 10/8 - (-9)/12. Let s(m) be the first derivative of 7*m**4/4 - m**3 + 3*m**2/2 - 3*m - 1. Is s(a) prime?
True
Let w be (-2)/(-6) + (-16)/(-6). Let i(c) = -2*c**3 - 5*c**2 + c - 3. Let x(h) = -h**3 - 2*h**2 - 2. Let f(n) = 2*i(n) - 5*x(n). Is f(w) prime?
True
Let s(u) = -u**3 + 8*u**2 - 6*u - 4. Let m be s(7). Suppose -9 = -3*a + m*h, -3*a = -0*a - 4*h - 9. Suppose -d = -a*d + 44. Is d prime?
False
Suppose 10259 = 5*a - 2*x, -2*a + 4098 = -2*x + 4*x. Is a prime?
False
Let n = -2 - -2. Let y be (-1 - -2)*(2 - n). Is (-56)/(-4) + (-2)/y prime?
True
Suppose 11 = -y + 95. Suppose -2*v + y = 2*l, 6*l = -v + 4*l + 38. Is v composite?
True
Suppose -f - f = -3*p - 4, p = -5*f + 27. Suppose p*d = -5*a + 85, 0*a + 3 = a. Is d prime?
False
Let p = 152 + -46. Is p composite?
True
Let l = 75 + 1427. Is l a composite number?
True
Suppose 15 + 123 = 3*d. Let f = 77 - d. Is f composite?
False
Suppose 5*f - 3*g = 165, f = -0*f + g + 35. Suppose -3*u = -3*d + d + 19, 0 = 5*d - 4*u - f. Suppose 3*q + d*q = 35. Is q composite?
False
Is -257*(-1 - (3 - 3)) a prime number?
True
Let p = -7 + 12. Let l(s) = 6*s**3 - 4*s**2 + 2*s + 9. Let w(t) = -t**3 - 1. Let n(x) = l(x) + 5*w(x). Is n(p) a composite number?
True
Suppose 0*n + n = 5. Let t(m) = -3 - 1 + 1 - 1 + 12*m**2 - n*m. Is t(-3) a prime number?
False
Let c(s) = 5*s**2 - s + 2. Let l be c(3). Suppose 2*k = 6*k + l. Is (-10)/2*k*1 composite?
True
Let x be 108/20 - 4/10. Suppose x*z = 5*b + 50, 0 = -5*z + 2*b - 16 + 81. Is z a composite number?
True
Let z(n) be the third derivative of -n**4/24 + 329*n**3/6 - 3*n**2. Is z(0) a prime number?
Fal